5. Calculate z(32).
15
Let g(k) = -4*k**2 - k + 6. What is g(-3)?
-27
Let h(s) = -s**3 - 28*s**2 - 28*s - 27. Calculate h(-27).
0
Let m(u) = -4*u - 24. Determine m(-20).
56
Let d(f) = 2*f - 52. Calculate d(12).
-28
Let c(j) = 17*j + 113. Calculate c(-7).
-6
Let j(c) = 3*c**3 - 2*c**2 - 18. Determine j(0).
-18
Let t(q) = 2*q**2 - 3. Give t(-4).
29
Let f(g) = g**3 + 7*g**2 + 4*g - 1. What is f(-6)?
11
Let f(g) = 23*g - 6. What is f(0)?
-6
Let x(s) = s**3 - 11*s**2 + 2*s - 8. Calculate x(11).
14
Let i(a) = -a**2 - 6*a + 13. Give i(-9).
-14
Let u(l) = 2*l**3 + 2*l**2 - 13*l - 23. Give u(-2).
-5
Let z(h) = 2*h + 26. What is z(-10)?
6
Let m(x) = -x + 23. What is m(11)?
12
Let n(b) = 19*b**3 + 2*b - 1. Give n(1).
20
Let b(f) = -17*f - 21. Give b(3).
-72
Let r(v) = -6*v - 26. Give r(-5).
4
Let r(h) = -h**2 + 10*h + 29. Determine r(12).
5
Let t(n) = -10*n + 23. Calculate t(11).
-87
Let l(d) = -40*d**3 - d**2 + 3*d - 1. Determine l(1).
-39
Let n(d) = 2*d**2 - 26. Calculate n(-4).
6
Let v(z) = -2*z - 9. Determine v(7).
-23
Let x(i) = -i**3 - 30*i**2 - 57*i - 38. Calculate x(-28).
-10
Let c(g) = g**2 + g - 20. Calculate c(0).
-20
Let d(q) = 3*q - 9. Calculate d(10).
21
Let b(x) = -x**2 - 16*x - 62. Give b(-5).
-7
Let o(c) = -c**2 + 29. Calculate o(0).
29
Let k(z) = -z**3 - 2*z**2 + 3*z - 3. Give k(-3).
-3
Let z(h) = -h**3 + 13*h**2 + 32*h - 8. Calculate z(15).
22
Let j(y) = -y - 14. What is j(-9)?
-5
Let l(v) = -5*v - 3. Determine l(1).
-8
Let x(q) = -4*q**2 + 9*q - 12. Calculate x(2).
-10
Let a(y) = 2*y**2 + 18*y - 5. What is a(-11)?
39
Let n(t) = -t**3 + 7*t**2 - 4*t + 2. What is n(6)?
14
Let t(g) = 2*g**2 - 11*g + 18. Give t(5).
13
Let c(w) = -w**2 - 9*w + 13. What is c(-11)?
-9
Let r(w) = -w**2 + 5*w + 20. Determine r(-4).
-16
Let l(g) = g**3 + 2*g**2 - 5*g - 28. Give l(3).
2
Let i(g) = g**3 - 4*g**2 - 7*g + 1. What is i(6)?
31
Let p(i) = i**3 + 6*i**2 - 7*i - 10. Calculate p(-7).
-10
Let w(x) = x**2 - x - 27. What is w(5)?
-7
Let o(q) = -176*q + 2. What is o(0)?
2
Let v(m) = -m**2 + 18*m + 10. Give v(18).
10
Let d(q) = q**3 + 9*q**2 + 19*q + 12. What is d(-6)?
6
Let g(b) = -18*b - 15. Determine g(-2).
21
Let b(i) = -26*i + 1. Determine b(-3).
79
Let r(g) = 4*g**2 + 2*g + 1. Determine r(-2).
13
Let l(u) = -u**3 + u**2 + u - 2. What is l(1)?
-1
Let o(h) = 2*h**2 + 26*h - 8. Give o(-13).
-8
Let d(p) = -26*p**3 - p. Calculate d(-1).
27
Let t(p) = 2*p**3 - 18*p**2 + 30*p - 17. What is t(7)?
-3
Let w(m) = m**3 + 19*m**2 + 17*m + 44. Calculate w(-18).
62
Let j(x) = -2*x - 17. Calculate j(11).
-39
Let i(l) = -131*l - 111. Give i(-1).
20
Let q(h) = h. Calculate q(6).
6
Let a(f) = 5*f + 112. Calculate a(-20).
12
Let x(d) = 4*d - 53. Determine x(-9).
-89
Let u(l) = -l**2 - 7*l + 41. Give u(-12).
-19
Let n(c) = -c**3 + c**2 + 27*c - 8. Determine n(5).
27
Let h(z) = -3*z**3 - 42*z**2 - 40*z - 8. Calculate h(-13).
5
Let d(x) = -x**2 + 10*x - 10. Calculate d(8).
6
Let m(g) = -55*g + 15. What is m(0)?
15
Let g(l) = l**3 - 19*l**2 - 20*l + 7. What is g(20)?
7
Let u(d) = -d**3 + 6*d**2 + d. Calculate u(6).
6
Let x(b) = -b**3 - 8*b**2 - 15*b - 5. Determine x(-4).
-9
Let t(g) = -g**2 + 3*g + 24. Give t(7).
-4
Let t(l) = -7*l**2 - 4*l - 10. Give t(-2).
-30
Let o(t) = -t**2 + 19*t - 4. Determine o(8).
84
Let q(y) = -y**2 + 20*y - 6. Calculate q(5).
69
Let h(y) = -y**3 - 9*y**2 + 20*y + 22. Determine h(-11).
44
Let o(v) = v**2 - v - 19. Calculate o(8).
37
Let x(u) = -u**3 - 15*u**2 - 15*u + 4. What is x(-14)?
18
Let j(v) = v**3 + 15*v**2 + 13*v + 35. What is j(-15)?
-160
Let f(r) = r**3 + 17*r**2 + 24*r - 22. Determine f(-15).
68
Let l(h) = 11*h - 33. Calculate l(3).
0
Let x(s) = -s + 8. Calculate x(0).
8
Let h(v) = 2*v**2 - 11*v + 31. Calculate h(5).
26
Let j(q) = q**3 - 2*q**2 - 4*q + 3. Calculate j(3).
0
Let z(r) = -r**3 + 2*r**2 - 2*r + 45. What is z(0)?
45
Let k(c) = 2*c**2 + 11*c - 2. What is k(-7)?
19
Let c(n) = -5*n. Give c(-3).
15
Let l(a) = a**3 - 16*a**2 + 13*a. Calculate l(15).
-30
Let z(g) = g**2 - 10*g + 26. Determine z(6).
2
Let h(j) = -6*j + 5. Determine h(6).
-31
Let y(s) = -16*s + 17. Calculate y(5).
-63
Let v(o) = -5*o - 71. Calculate v(-14).
-1
Let k(p) = p + 24. Give k(-13).
11
Let a(l) = l**3 - l**2 - 15*l - 19. What is a(-2)?
-1
Let s(w) = w**2 + w - 7. What is s(0)?
-7
Let z(l) = -88*l - 356. Determine z(-4).
-4
Let w(p) = -6*p**2 + 6*p + 7. Calculate w(-1).
-5
Let d(a) = -a**3 + 10*a**2 + 22*a + 10. Determine d(12).
-14
Let i(m) = 2*m**2 + 19*m + 2. What is i(-9)?
-7
Let t(h) = -h**3 - 16*h**2 + 8*h + 76. What is t(-16)?
-52
Let a(c) = -c**3 + 3*c**2 - 3*c + 1. Determine a(3).
-8
Let v(p) = -p - 17. Calculate v(-22).
5
Let u(k) = 4*k - 29. Calculate u(5).
-9
Let y(l) = 5*l - 9. Calculate y(7).
26
Let g(n) = n**2 - 6*n + 18. Give g(7).
25
Let u(x) = 12*x - 373. Determine u(31).
-1
Let k(c) = c**2 + 2*c - 4. What is k(-4)?
4
Let a(y) = -y**2 - 12*y - 11. Determine a(-9).
16
Let y(i) = i**3 + 2*i**2 - 7*i - 3. What is y(-3)?
9
Let n(o) = -5*o - 9. Give n(7).
-44
Let i(f) = 12*f + 125. Give i(-7).
41
Let p(o) = 4*o - 21. Determine p(-7).
-49
Let r(c) = -11*c**2. Determine r(-1).
-11
Let s(c) = -2*c**2 + 25*c - 8. What is s(12)?
4
Let w(x) = 4*x**2 + 5*x + 14. What is w(4)?
98
Let t(u) = -u + 2. Calculate t(-5).
7
Let r(i) = i**3 + 8*i**2 - 3*i - 24. Give r(-8).
0
Let z(p) = 2*p**2 - p - 7. What is z(2)?
-1
Let x(r) = -r - 1. Give x(-4).
3
Let f(v) = 100*v**3 - v + 2. What is f(1)?
101
Let q(a) = -a**3 + 10*a**2 - 8*a - 9. What is q(9)?
0
Let k(v) = -2*v**2 - 4*v + 1. Determine k(-2).
1
Let c(x) = 23*x - 72. What is c(2)?
-26
Let u(i) = i**2 + 10*i - 8. Calculate u(-10).
-8
Let s(j) = -15*j + 47. Give s(4).
-13
Let v(r) = r**3 + 42*r**2 + 43*r + 85. What is v(-41)?
3
Let d(f) = f**3 + 4*f**2 - 12*f - 4. Calculate d(-5).
31
Let a(t) = 12*t + 74. Give a(0).
74
Let y(m) = -2*m**3 - 52*m**2 - 50*m + 8. Calculate y(-25).
8
Let w(m) = 2*m**2 - 12*m + 11. What is w(5)?
1
Let o(f) = 26*f**3 + 2*f - 1. Determine o(1).
27
Let c(h) = h**3 - 16*h**2 - 34*h - 34. Give c(18).
2
Let g(f) = 5*f + 11. Determine g(-8).
-29
Let q(i) = 4*i**2 + 4. Give q(-3).
40
Let b(n) = 3*n + 7. Give b(-5).
-8
Let t(h) = 2*h**2 - 103*h + 540. Give t(6).
-6
Let h(x) = 19*x - 136. What is h(13)?
111
Let j(w) = -3*w**2 + 2*w + 3. What is j(-2)?
-13
Let c(l) = 3*l**2 - 3*l + 2. Calculate c(-5).
92
Let a(x) = -x**2 + 4. Determine a(3).
-5
Let r(w) = 9*w + 8. Determine r(8).
80
Let d(m) = -m**2 + 15*m + 43. What is d(17)?
9
Let d(q) = 36*q**2 - q. What is d(-1)?
37
Let n(c) = -c**3 + 2*c**2 - 4*c + 1. What is n(3)?
-20
Let h(l) = -4*l - 47. Calculate h(-13).
5
Let g(y) = 19*y + 8. What is g(2)?
46
Let j(a) = 4*a + 13. Calculate j(-5).
-7
Let q(d) = d**2 - 6*d - 7. Calculate q(6).
-7
Let n(x) = x**3 + 7*x**2 + 5*x + 4. Determine n(-6).
10
Let g(u) = -4*u**2 - 5*u - 1. Determine g(0).
-1
Let j(r) = -18*r - 957. Calculate j(-53).
-3
Let b(s) = -6*s - 16. Calculate b(-5).
14
Let q(s) = s**3 - 11*s**2 + 14*s - 31. Calculate q(10).
9
Let w(p) = -p**2 + 9*p. Determine w(8).
8
Let o(b) = 14*b - 99. Calculate o(9).
27
Let h(o) = -o**2 + 17*o + 32. Calculate h(18).
14
Let q(o) = -2*o**2 + 10*o + 5. Calculate q(5).
5
Let d(n) = n**3 + 7*n**2 + 2*n - 4. Determine d(-6).
20
Let p(a) = -a**3 - 13*a**2 + 15*a + 8. What is p(-14)?
-6
Let m(y) = 2*y - 25. Determine m(8).
-9
Let c(x) = -10*x**2 - 4*x + 6. Give c(2).
-42
Let n(i) = i**2 + 13*i + 29. Determine n(-11).
7
Let d(a) = 4*a + 9. Determine d(-4).
-7
Let j(p) = p + 5. Give j(-4).
1
Let c(h) = -h - 14. What is c(-5)?
-9
Let i(q) = 32*q - 1. Determine i(1).
31
Let m(o) = 3*o**3 + 24*o**2 - 3*o - 18. Give m(-8).
6
Let w(v) = -v**2 - 19*v + 16. Calculate w(-16).
64
Let v(b) = -b + 49. What is v(17)?
32
Let f(s) = -2*s - 12. Determine f(-9).
6
Let b(z) = -z - 8. Give b(4).
-12
Let k(u) = u**3 - 5*u + 12. What is k(-5)?
-88
Let u(o) = o**2 + 40*o + 196. Calculate u(-34).
-8
Let f(q) = 13*q - 185. What is f(15)?
10
Let d(g) = g + 34. Determine d(-13).
21
Let t(c) = 22*c**3 - c - 2. Give t(-1).
-23
Let c(t) = t**2 + 15*t + 50. Give c(-11).
6
Let f(l) = -5*l - 1. Give f(0).
-1
Let s(u) = -2*u**3 + 31*u**2 + 12*u + 60. Give s(16).
-4
Let m(n) = 4*n**3 - n**2 + 1. Calculate m(-1).
-4
Let d(m) = 18*m - 32. Give d(10).
148
Let h(u) = -88*u**3 - 2*u**2 - 2*u - 1